s of 3187?
3187
List the prime factors of 52356.
2, 3, 4363
What are the prime factors of 2868?
2, 3, 239
List the prime factors of 241.
241
What are the prime factors of 98035?
5, 7, 2801
List the prime factors of 1588.
2, 397
What are the prime factors of 36701?
7, 107
What are the prime factors of 22084?
2, 5521
List the prime factors of 15927.
3, 5309
What are the prime factors of 841?
29
What are the prime factors of 85161?
3, 28387
What are the prime factors of 23997?
3, 19, 421
List the prime factors of 47083.
197, 239
What are the prime factors of 869?
11, 79
What are the prime factors of 370?
2, 5, 37
List the prime factors of 33190.
2, 5, 3319
List the prime factors of 13639.
23, 593
List the prime factors of 4637.
4637
What are the prime factors of 18334?
2, 89, 103
List the prime factors of 78039.
3, 13, 23, 29
What are the prime factors of 12764?
2, 3191
List the prime factors of 2601.
3, 17
List the prime factors of 3084.
2, 3, 257
What are the prime factors of 817?
19, 43
List the prime factors of 1444.
2, 19
What are the prime factors of 9067?
9067
What are the prime factors of 27248?
2, 13, 131
What are the prime factors of 20561?
29, 709
What are the prime factors of 4035?
3, 5, 269
List the prime factors of 21216.
2, 3, 13, 17
What are the prime factors of 895?
5, 179
What are the prime factors of 8836?
2, 47
What are the prime factors of 111?
3, 37
List the prime factors of 17645.
5, 3529
What are the prime factors of 1018?
2, 509
What are the prime factors of 4394?
2, 13
List the prime factors of 94484.
2, 13, 23, 79
List the prime factors of 337.
337
What are the prime factors of 16985?
5, 43, 79
List the prime factors of 3163.
3163
What are the prime factors of 33479?
33479
What are the prime factors of 8129?
11, 739
What are the prime factors of 19278?
2, 3, 7, 17
List the prime factors of 1609.
1609
What are the prime factors of 19566?
2, 3, 1087
What are the prime factors of 2656?
2, 83
What are the prime factors of 2444?
2, 13, 47
What are the prime factors of 34759?
34759
What are the prime factors of 31061?
89, 349
List the prime factors of 485.
5, 97
What are the prime factors of 1162?
2, 7, 83
What are the prime factors of 47607?
3, 7, 2267
What are the prime factors of 3382?
2, 19, 89
List the prime factors of 594.
2, 3, 11
What are the prime factors of 23?
23
List the prime factors of 795.
3, 5, 53
List the prime factors of 1142.
2, 571
List the prime factors of 19656.
2, 3, 7, 13
List the prime factors of 2496.
2, 3, 13
What are the prime factors of 17836?
2, 7, 13
List the prime factors of 8433.
3, 937
List the prime factors of 90196.
2, 22549
List the prime factors of 76596.
2, 3, 13, 491
List the prime factors of 41250.
2, 3, 5, 11
What are the prime factors of 5337?
3, 593
What are the prime factors of 67670?
2, 5, 67, 101
List the prime factors of 1271.
31, 41
What are the prime factors of 1376?
2, 43
What are the prime factors of 1734?
2, 3, 17
List the prime factors of 10527.
3, 11, 29
List the prime factors of 10709.
10709
What are the prime factors of 47422?
2, 131, 181
List the prime factors of 3518.
2, 1759
List the prime factors of 188.
2, 47
List the prime factors of 841.
29
What are the prime factors of 90350?
2, 5, 13, 139
What are the prime factors of 144839?
144839
What are the prime factors of 1380?
2, 3, 5, 23
What are the prime factors of 1740?
2, 3, 5, 29
What are the prime factors of 5160?
2, 3, 5, 43
List the prime factors of 70699.
19, 61
List the prime factors of 7813.
13, 601
What are the prime factors of 5039?
5039
List the prime factors of 1580.
2, 5, 79
What are the prime factors of 263?
263
List the prime factors of 86730.
2, 3, 5, 7, 59
What are the prime factors of 7532?
2, 7, 269
List the prime factors of 50360.
2, 5, 1259
What are the prime factors of 33093?
3, 3677
List the prime factors of 2867.
47, 61
List the prime factors of 62242.
2, 31121
List the prime factors of 35381.
35381
List the prime factors of 13510.
2, 5, 7, 193
What are the prime factors of 318?
2, 3, 53
What are the prime factors of 102253?
102253
What are the prime factors of 200?
2, 5
What are the prime factors of 1170?
2, 3, 5, 13
What are the prime factors of 3579?
3, 1193
List the prime factors of 3566.
2, 1783
List the prime factors of 6994.
2, 13, 269
What are the prime factors of 48440?
2, 5, 7, 173
What are the prime factors of 1105?
5, 13, 17
List the prime factors of 34893.
3, 3877
What are the prime factors of 15646?
2, 7823
List the prime factors of 7399.
7, 151
What are the prime factors of 3118?
2, 1559
What are the prime factors of 21385?
5, 7, 13, 47
What are the prime factors of 132?
2, 3, 11
What are the prime factors of 5377?
19, 283
List the prime factors of 14741.
14741
What are the prime factors of 5967?
3, 13, 17
What are the prime factors of 2572?
2, 643
What are the prime factors of 786?
2, 3, 131
What are the prime factors of 24723?
3, 41, 67
What are the prime factors of 105848?
2, 101, 131
What are the prime factors of 4871?
4871
What are the prime factors of 222?
2, 3, 37
List the prime factors of 1985.
5, 397
What are the prime factors of 472?
2, 59
List the prime factors of 41518.
2, 20759
List the prime factors of 7118.
2, 3559
List the prime factors of 35192.
2, 53, 83
What are the prime factors of 4062?
2, 3, 677
List the prime factors of 280.
2, 5, 7
What are the prime factors of 32318?
2, 11, 13, 113
What are the prime factors of 101?
101
List the prime factors of 2556.
2, 3, 71
What are the prime factors of 2334?
2, 3, 389
List the prime factors of 1451.
1451
What are the prime factors of 14565?
3, 5, 971
List the prime factors of 2638.
2, 1319
What are the prime factors of 41170?
2, 5, 23, 179
List the prime factors of 1229.
1229
List the prime factors of 125800.
2, 5, 17, 37
What are the prime factors of 10550?
2, 5, 211
List the prime factors of 3649.
41, 89
List the prime factors of 80.
2, 5
What are the prime factors of 50632?
2, 6329
List the prime factors of 34821.
3, 53, 73
List the prime factors of 1229.
1229
List the prime factors of 1507.
11, 137
What are the prime factors of 7634?
2, 11, 347
List the prime factors of 888.
2, 3, 37
What are the prime factors of 11278?
2, 5639
What are the prime factors of 74424?
2, 3, 7, 443
What are the prime factors of 16297?
43, 379
List the prime factors of 4451.
4451
What are the prime factors of 148525?
5, 13, 457
List the prime factors of 1584.
2, 3, 11
List the prime factors of 16274.
2, 79, 103
List the prime factors of 16788.
2, 3, 1399
List the prime factors of 1859.
11, 13
What are the prime factors of 1155?
3, 5, 7, 11
List the prime factors of 13316.
2, 3329
What are the prime factors of 18198?
2, 3, 337
List the prime factors of 1061.
1061
What are the prime factors of 98255?
5, 43, 457
List the prime factors of 441.
3, 7
What are the prime factors of 1116?
2, 3, 31
What are the prime factors of 10882?
2, 5441
What are the prime factors of 2532?
2, 3, 211
What are the prime factors of 30231?
3, 3359
List the prime factors of 34292.
2, 8573
What are the prime factors of 2174?
2, 1087
List the prime factors of 22333.
23, 971
List the prime factors of 473.
11, 43
List the prime factors of 3125.
5
List the prime factors of 7848.
2, 3, 109
What are the prime factors of 4056?
2, 3, 13
What are the prime factors of 6489?
3, 7, 103
What are the prime factors of 6907?
6907
List the prime factors of 16233.
3, 7, 773
What are the prime factors of 21027?
3, 43, 163
What are the prime factors of 108386?
2, 54193
List the prime factors of 281.
281
List the prime factors of 425.
5, 17
List the prime factors of 2695.
5, 7, 11
What are the prime factors of 5872?
2, 367
List the prime factors of 565.
5, 113
List the prime factors of 369.
3, 41
What are the prime factors of 55122?
2, 3, 9187
List the prime factors of 2923.
37, 79
List the prime factors of 7117.
11, 647
List the prime factors of 545.
5, 109
What are the prime factors of 935?
5, 11, 17
List the prime factors of 2218.
2, 1109
List the prime factors of 2701.
37, 73
What are the prime factors of 2260?
2, 5, 113
List the prime factors of 69486.
2, 3, 37, 313
What are the prime factors of 1471?
1471
List the prime factors of 7420.
2, 5, 7, 53
List the prime factors 